{"id":29,"date":"2023-10-10T12:30:39","date_gmt":"2023-10-10T12:30:39","guid":{"rendered":"https:\/\/engel-koenig.de\/?page_id=29"},"modified":"2023-10-15T10:34:49","modified_gmt":"2023-10-15T10:34:49","slug":"klienteninfo","status":"publish","type":"page","link":"https:\/\/engel-koenig.de\/?page_id=29","title":{"rendered":"Klienteninfo"},"content":{"rendered":"\n<h2 class=\"wp-block-heading\">Klienteninfo<\/h2>\n\n\n\n<div style=\"height:30px\" aria-hidden=\"true\" class=\"wp-block-spacer\"><\/div>\n\n\n\n<p>Termine werden nach Vereinbarung (telefonisch oder per email \u2013 siehe Kontakt) vergeben. Eine Absage bitte mindestens 24 Stunden vorher vorzunehmen, sonst behalte ich mir vor, die Stunde in Rechnung zu stellen. Dies gilt auch f\u00fcr unabgesagte Termine. Ich danke Dir f\u00fcr Dein Verst\u00e4ndnis.<\/p>\n\n\n\n<p>Das Honorar ist nach der Sitzung zu bezahlen. Die Kosten werden nicht von der (gesetzlichen oder privaten) Krankenkasse \u00fcbernommen. Eine Quittung stelle ich Dir auf Wunsch gerne aus.<\/p>\n\n\n\n<p>Meine Arbeit ersetzt keinen Besuch beim Arzt oder beim Heilpraktiker!<\/p>\n","protected":false},"excerpt":{"rendered":"<p>Klienteninfo Termine werden nach Vereinbarung (telefonisch oder per email \u2013 siehe Kontakt) vergeben. Eine Absage bitte mindestens 24 Stunden vorher vorzunehmen, sonst behalte ich mir vor, die Stunde in Rechnung zu stellen. Dies gilt auch f\u00fcr unabgesagte Termine. Ich danke Dir f\u00fcr Dein Verst\u00e4ndnis. Das Honorar ist nach der Sitzung zu bezahlen. Die Kosten werden [&hellip;]<\/p>\n","protected":false},"author":1,"featured_media":0,"parent":0,"menu_order":0,"comment_status":"closed","ping_status":"closed","template":"","meta":{"footnotes":""},"_links":{"self":[{"href":"https:\/\/engel-koenig.de\/index.php?rest_route=\/wp\/v2\/pages\/29"}],"collection":[{"href":"https:\/\/engel-koenig.de\/index.php?rest_route=\/wp\/v2\/pages"}],"about":[{"href":"https:\/\/engel-koenig.de\/index.php?rest_route=\/wp\/v2\/types\/page"}],"author":[{"embeddable":true,"href":"https:\/\/engel-koenig.de\/index.php?rest_route=\/wp\/v2\/users\/1"}],"replies":[{"embeddable":true,"href":"https:\/\/engel-koenig.de\/index.php?rest_route=%2Fwp%2Fv2%2Fcomments&post=29"}],"version-history":[{"count":3,"href":"https:\/\/engel-koenig.de\/index.php?rest_route=\/wp\/v2\/pages\/29\/revisions"}],"predecessor-version":[{"id":311,"href":"https:\/\/engel-koenig.de\/index.php?rest_route=\/wp\/v2\/pages\/29\/revisions\/311"}],"wp:attachment":[{"href":"https:\/\/engel-koenig.de\/index.php?rest_route=%2Fwp%2Fv2%2Fmedia&parent=29"}],"curies":[{"name":"wp","href":"https:\/\/api.w.org\/{rel}","templated":true}]}}