{"id":27,"date":"2023-10-10T12:30:39","date_gmt":"2023-10-10T12:30:39","guid":{"rendered":"https:\/\/engel-koenig.de\/?page_id=27"},"modified":"2025-04-18T13:48:30","modified_gmt":"2025-04-18T13:48:30","slug":"aktuelle-termine","status":"publish","type":"page","link":"https:\/\/engel-koenig.de\/?page_id=27","title":{"rendered":"Aktuelle Termine"},"content":{"rendered":"\n<h1 class=\"wp-block-heading\">Aktuelle Termine<\/h1>\n\n\n\n<h2 class=\"wp-block-heading\">Seminarprogramm  2025<\/h2>\n\n\n\n<div style=\"height:97px\" aria-hidden=\"true\" class=\"wp-block-spacer\"><\/div>\n\n\n\n<p>Die Seminare erm\u00f6glichen eine gef\u00fchrte Begegnung mit der Geistigen Welt, in der bestimmte Themen in Heilung gebracht werden. Vorkenntnisse sind nicht erforderlich. Bequeme Kleidung und Socken sind hilfreich. Da die Teilnehmerzahl beschr\u00e4nkt ist, bitte ich um eine verbindliche Anmeldung per mail. Ich best\u00e4tige Deine Anmeldung umgehend.<\/p>\n\n\n\n<p>Wenn nicht anders gekennzeichnet, werden die Veranstaltungen hybrid gegeben \u2013 d.h. sowohl vor Ort, in Pr\u00e4senz als auch online.<\/p>\n\n\n\n<p>Ganz neu: Es k\u00f6nnen auch Aufzeichnungen der Meditationen erworben werden \u2013 sie wirken gleichstark wie die live Meditationen \u2013 trau Dich!<\/p>\n\n\n\n<p>Ich freue mich auf Dich!<\/p>\n\n\n\n<p>HERZLICH WILLKOMMEN<\/p>\n\n\n\n<p>Christa K\u00f6nig<\/p>\n\n\n\n<p>Hinweis: Die Absolventen der Engelausbildung werden in den Seminaren Aufgaben ihrem Ausbildungsgrad entsprechend gestellt bekommen.<\/p>\n\n\n\n<div style=\"height:97px\" aria-hidden=\"true\" class=\"wp-block-spacer\"><\/div>\n\n\n\n<div class=\"wp-block-group is-layout-constrained wp-block-group-is-layout-constrained\">\n<h3 class=\"wp-block-heading\">Neujahrsseminar 2025<\/h3>\n\n\n\n<p> Samstag, 11. Januar 2025 <strong>online<\/strong> 10.00 Uhr bis 14.00 Uhr \u20ac110,00<\/p>\n\n\n\n<p><em>oder<\/em><\/p>\n\n\n\n<p>Sonntag, 12. Januar 2025 <strong>pr\u00e4senz<\/strong> 10.00 Uhr bis 14.00 Uhr \u20ac110,00<\/p>\n\n\n\n<p>Babaji \u00f6ffnet zu Beginn des neuen Jahres die Monatstore f\u00fcr das gesamte Jahr 2025<\/p>\n\n\n\n<p>Wir werden mit ihm durch jeden einzelnen Monat gehen und alles vorfluten, bereinigen und Dein h\u00f6chstes Potential hineinflie\u00dfen lassen &#8211; incl. einer individuellen Einzelbotschaft f\u00fcr Dich f\u00fcr das Jahr.<\/p>\n\n\n\n<p>Die Einzelbotschaft wird f\u00fcr Dich aufgenommen, so dass Sie Dir im Jahr auch immer wieder Impulse geben darf.<\/p>\n<\/div>\n\n\n\n<div style=\"height:97px\" aria-hidden=\"true\" class=\"wp-block-spacer\"><\/div>\n\n\n\n<h3 class=\"wp-block-heading\">Deine Traumfigur<\/h3>\n\n\n\n<p>Samstag, 15. Februar 2025 <strong>online<\/strong> und <strong>pr\u00e4senz<\/strong> 10.00 Uhr bis 14.00 Uhr   \u20ac75,00<\/p>\n\n\n\n<p>Erschaffe Deine Traumfigur. Oft halten uns alte Programme, Glaubenss\u00e4tze auch physisch in einer Form, die uns nicht entspricht. Mithilfe der Geistigen Welt wird aufger\u00e4umt; in Dir entsteht ein Raum, in dem Dein K\u00f6rper wieder die Form annehmen darf, die Dir entspricht \u2013 in der G\u00f6ttlichkeit ist alles von Sch\u00f6nheit und Harmonie durchdrungen. Der Wandel beginnt von innen.<\/p>\n\n\n\n<p>Es geht bei diesem Seminar nicht nur um Deine Figur, sondern eher, um ein gesundes Essverhalten, was Dir entspricht und einen liebevollen Umgang mit Dir.<\/p>\n\n\n\n<div style=\"height:97px\" aria-hidden=\"true\" class=\"wp-block-spacer\"><\/div>\n\n\n\n<h3 class=\"wp-block-heading\">Selbstliebe<\/h3>\n\n\n\n<p>Samstag, 08. M\u00e4rz 2025 <strong>online<\/strong> und <strong>pr\u00e4senz<\/strong> 10.00 Uhr bis 17.00 Uhr \u20ac105,00<\/p>\n\n\n\n<p><strong>Selbstliebe<\/strong> ist der Schl\u00fcssel f\u00fcr alles und die Basis f\u00fcr alles \u2013 Die Beziehung zu Dir selbst wird \u00fcber die Selbstliebe gest\u00e4rkt. Tauche ein in die Wunder Deiner Selbstliebe und erlaube Dir, Dich neu zu entdecken.<\/p>\n\n\n\n<p>Auch wenn Du dieses Thema schon mehrfach betrachtet hast, es lohnt sich! Unser Herzraum kann Disharmonisches, Unlichtes in Harmonie und Liebe verwandeln \u2013 dazu braucht es eine stabile Beziehung zu <strong>Deiner Selbstliebe<\/strong> und einen neuen Blickwinkel auf das, was sich auf den ersten Blick wie verhindernde Strukturen im Au\u00dfen anf\u00fchlen mag. <strong>Deine Selbstliebe<\/strong> \u00f6ffnet Tore in eine neue Sicht, voller M\u00f6glichkeit. <\/p>\n\n\n\n<p>Eine Stunde Mittagspause \u2013 gemeinsames Essen mit mitgebrachten Speisen der Teilnehmer.<\/p>\n\n\n\n<div style=\"height:97px\" aria-hidden=\"true\" class=\"wp-block-spacer\"><\/div>\n\n\n\n<h3 class=\"wp-block-heading\">Aufstellungsarbeit mit der Geistigen Welt<\/h3>\n\n\n\n<p>Samstag, 05. April 2025 <strong>pr\u00e4senz <\/strong>10.00 Uhr bis 17.00 Uhr \u20ac105,00<\/p>\n\n\n\n<p>Ein Thema Deiner Wahl wird mit der Geistigen Welt gestellt und in die G\u00f6ttliche Ordnung gebracht. <\/p>\n\n\n\n<p>Eine Stunde Mittagspause \u2013 gemeinsames Essen mit mitgebrachten Speisen der Teilnehmer.<\/p>\n\n\n\n<div style=\"height:97px\" aria-hidden=\"true\" class=\"wp-block-spacer\"><\/div>\n\n\n\n<h3 class=\"wp-block-heading\">Goldene Zukunft<\/h3>\n\n\n\n<p>Sonntag, 03. Mai 2024 <strong>online<\/strong> und <strong>pr\u00e4senz<\/strong> 10.00 Uhr bis 14.00 Uhr \u20ac75,00<\/p>\n\n\n\n<p>Erschaffe Dir Deine <strong>Goldene Zukunft<\/strong>; erlaube, dass Deine Vergangenheit so durchlichtet ist, die Zukunft voller Energie, von allen Barrieren und Sorgen befreit wird, so dass f\u00fcr Dich im Lichte der Ewigkeit eine bl\u00fchende Zukunft im Hier und Jetzt entsteht.<\/p>\n\n\n\n<p>Das Konzept der <strong>Goldenen Zukunft<\/strong> ist ein wichtiger Energiespender f\u00fcr Dein Hier und Jetzt. Die goldene Zukunft ist durchdrungen von einem gewaltigen Licht, erlaube, dass es Dich im Hier und Jetzt erreicht und Du befreit im Hier und Jetzt in Deine Sch\u00f6pferm\u00f6glichkeiten eintauchst, voller Zuversicht.<\/p>\n\n\n\n<div style=\"height:100px\" aria-hidden=\"true\" class=\"wp-block-spacer\"><\/div>\n\n\n\n<h3 class=\"wp-block-heading\">Zeitlinienwechsel<\/h3>\n\n\n\n<p>Samstag, 31 Mai 2025 <strong>online<\/strong> und <strong>pr\u00e4senz<\/strong> 10.00 Uhr bis 17.00 Uhr \u20ac105,00<\/p>\n\n\n\n<p>Wir k\u00f6nnen die <strong>Zeitlinien<\/strong> wechseln, dadurch erweitert sich unser Horizont und unsere M\u00f6glichkeiten, schwierige Situationen im Hier und Jetzt zu meistern. Lerne dieses Werkzeug f\u00fcr Dich zu nutzen und sei frei!<\/p>\n\n\n\n<p> Eine Stunde Mittagspause \u2013 gemeinsames Essen mit mitgebrachten Speisen der Teilnehmer.<\/p>\n\n\n\n<div style=\"height:100px\" aria-hidden=\"true\" class=\"wp-block-spacer\"><\/div>\n\n\n\n<h3 class=\"wp-block-heading\">Aufstellungsarbeit mit der Geistigen Welt<\/h3>\n\n\n\n<p>Samstag, 01. November 2025 pr\u00e4zenz 10.00 Uhr bis 17.00 Uhr   \u20ac105,00  <\/p>\n\n\n\n<p>Ein Thema Deiner Wahl wird mit der Geistigen Welt gestellt und in die G\u00f6ttliche Ordnung gebracht. <\/p>\n\n\n\n<p> Eine Stunde Mittagspause \u2013 gemeinsames Essen mit mitgebrachten Speisen der Teilnehmer.<\/p>\n\n\n\n<div style=\"height:100px\" aria-hidden=\"true\" class=\"wp-block-spacer\"><\/div>\n\n\n\n<h3 class=\"wp-block-heading\">Ausbildung &#8211; Liebe ist der Weg<\/h3>\n\n\n\n<p>Block I Donnerstag 30.10. bis Dienstag 04.11.2025 von 10.00 Uhr bis ca. 14.00 Uhr<\/p>\n\n\n\n<p>Block II Donnerstag 20.11. bis Dienstag 25.11.2025 von 10.00 Uhr bis ca. 14.00 Uhr<\/p>\n\n\n\n<p>Lerne eigenst\u00e4ndig mit der Engelwelt zu kommunizieren und \u00f6ffne Dein Herz f\u00fcr die Liebe.<\/p>\n\n\n\n<p>In der Ausbildung werden Dir die Tore zur eigenst\u00e4ndigen Kommunikation mit der Geistigen Welt ge\u00f6ffnet. Du lernst, wie Du in Partner\u00fcbungen andere Menschen spirituell medial mit Hilfe der Geistigen Welt beraten kannst. Das Instrumentarium ist in erster Linie f\u00fcr Dich einzusetzen, f\u00fcr Deine eigene Heilung, in zweiter Linie f\u00fcr andere.<\/p>\n\n\n\n<div style=\"height:30px\" aria-hidden=\"true\" class=\"wp-block-spacer\"><\/div>\n\n\n\n<p>12 t\u00e4gige Ausbildung<\/p>\n\n\n\n<p>Die Ausbildung findet jeweils von 10.00 Uhr bis ca. 14.00 Uhr<\/p>\n\n\n\n<div class=\"wp-block-file aligncenter has-link-color wp-elements-93628d53f1d0fd7ff065736d536dcb58\"><a id=\"wp-block-file--media-763c7597-9680-4970-aa29-ad267ebe0d48\" href=\"https:\/\/engel-koenig.de\/wp-content\/uploads\/2025\/01\/Christa-Koenig-Engel-Lebensberatung-und-Mehr-Grundausbildung-Liebe-ist-der-Weg-2025.pdf\" target=\"_blank\" rel=\"noreferrer noopener\">Christa-Koenig-Engel-Lebensberatung-und-Mehr-Grundausbildung-Liebe-ist-der-Weg-2025<\/a><a href=\"https:\/\/engel-koenig.de\/wp-content\/uploads\/2025\/01\/Christa-Koenig-Engel-Lebensberatung-und-Mehr-Grundausbildung-Liebe-ist-der-Weg-2025.pdf\" class=\"wp-block-file__button wp-element-button\" download aria-describedby=\"wp-block-file--media-763c7597-9680-4970-aa29-ad267ebe0d48\">Grundausbildung<\/a><\/div>\n\n\n\n<div style=\"height:100px\" aria-hidden=\"true\" class=\"wp-block-spacer\"><\/div>\n\n\n\n<h3 class=\"wp-block-heading\">Platz f\u00fcr Neues&nbsp; &#8211; Christus im Adventssegen<\/h3>\n\n\n\n<p>Sonntag, 30. November 2025 <strong>online<\/strong> 10.00 Uhr bis 14.00 Uhr   \u20ac75,00  <br>Verabschiede das alte Jahr und \u00f6ffne Dich in den Segensenergien von Christus f\u00fcr ein sehr hohes Reinigungslicht, das Platz f\u00fcr Neues macht und Dich mit der besonderen Weihnachtsenergie von 2025 verbindet, in der Du die Sch\u00e4tze des Jahres f\u00fcr Dich einsammeln darfst und gut aufger\u00e4umt in die Adventszeit startest und bestm\u00f6glich f\u00fcr Neues bereit bist.<\/p>\n\n\n\n<div style=\"height:100px\" aria-hidden=\"true\" class=\"wp-block-spacer\"><\/div>\n\n\n\n<div style=\"height:100px\" aria-hidden=\"true\" class=\"wp-block-spacer\"><\/div>\n\n\n\n<div style=\"height:100px\" aria-hidden=\"true\" class=\"wp-block-spacer\"><\/div>\n\n\n\n<div class=\"wp-block-file aligncenter has-link-color wp-elements-fb1ad913f4c06bd694a93c0ea4821761\"><a id=\"wp-block-file--media-763c7597-9680-4970-aa29-ad267ebe0d48\" href=\"https:\/\/engel-koenig.de\/wp-content\/uploads\/2025\/04\/Christa-Koenig-Engel-Lebensberatung-und-Mehr-Programm-2025-erstes-Halbjahr.pdf\" target=\"_blank\" rel=\"noreferrer noopener\">Christa-Koenig-Engel-Lebensberatung-und-Mehr-Programm-2025-erstes Halbjahr<\/a><a href=\"https:\/\/engel-koenig.de\/wp-content\/uploads\/2025\/04\/Christa-Koenig-Engel-Lebensberatung-und-Mehr-Programm-2025-erstes-Halbjahr.pdf\" class=\"wp-block-file__button wp-element-button\" download aria-describedby=\"wp-block-file--media-763c7597-9680-4970-aa29-ad267ebe0d48\">Aktuelles Ausbildungsprogramm als PDF herunterladen<\/a><\/div>\n\n\n\n<div style=\"height:100px\" aria-hidden=\"true\" class=\"wp-block-spacer\"><\/div>\n\n\n\n<div class=\"wp-block-buttons is-layout-flex wp-block-buttons-is-layout-flex\">\n<div class=\"wp-block-button has-custom-width wp-block-button__width-100\"><a class=\"wp-block-button__link has-foreground-color has-primary-background-color has-text-color has-background wp-element-button\" href=\"https:\/\/engel-koenig.de\/?page_id=33\">Jetzt Kontakt mit mir aufnehmen und Seminar buchen<\/a><\/div>\n<\/div>\n","protected":false},"excerpt":{"rendered":"<p>Aktuelle Termine Seminarprogramm 2025 Die Seminare erm\u00f6glichen eine gef\u00fchrte Begegnung mit der Geistigen Welt, in der bestimmte Themen in Heilung gebracht werden. Vorkenntnisse sind nicht erforderlich. Bequeme Kleidung und Socken sind hilfreich. Da die Teilnehmerzahl beschr\u00e4nkt ist, bitte ich um eine verbindliche Anmeldung per mail. Ich best\u00e4tige Deine Anmeldung umgehend. Wenn nicht anders gekennzeichnet, werden [&hellip;]<\/p>\n","protected":false},"author":1,"featured_media":0,"parent":0,"menu_order":0,"comment_status":"closed","ping_status":"closed","template":"","meta":{"footnotes":""},"_links":{"self":[{"href":"https:\/\/engel-koenig.de\/index.php?rest_route=\/wp\/v2\/pages\/27"}],"collection":[{"href":"https:\/\/engel-koenig.de\/index.php?rest_route=\/wp\/v2\/pages"}],"about":[{"href":"https:\/\/engel-koenig.de\/index.php?rest_route=\/wp\/v2\/types\/page"}],"author":[{"embeddable":true,"href":"https:\/\/engel-koenig.de\/index.php?rest_route=\/wp\/v2\/users\/1"}],"replies":[{"embeddable":true,"href":"https:\/\/engel-koenig.de\/index.php?rest_route=%2Fwp%2Fv2%2Fcomments&post=27"}],"version-history":[{"count":34,"href":"https:\/\/engel-koenig.de\/index.php?rest_route=\/wp\/v2\/pages\/27\/revisions"}],"predecessor-version":[{"id":440,"href":"https:\/\/engel-koenig.de\/index.php?rest_route=\/wp\/v2\/pages\/27\/revisions\/440"}],"wp:attachment":[{"href":"https:\/\/engel-koenig.de\/index.php?rest_route=%2Fwp%2Fv2%2Fmedia&parent=27"}],"curies":[{"name":"wp","href":"https:\/\/api.w.org\/{rel}","templated":true}]}}