{"id":11,"date":"2023-10-10T12:30:39","date_gmt":"2023-10-10T12:30:39","guid":{"rendered":"https:\/\/engel-koenig.de\/?page_id=11"},"modified":"2023-11-04T18:11:56","modified_gmt":"2023-11-04T18:11:56","slug":"mein-angebot-fuer-dich","status":"publish","type":"page","link":"https:\/\/engel-koenig.de\/?page_id=11","title":{"rendered":"Mein Angebot f\u00fcr dich"},"content":{"rendered":"\n<div class=\"wp-block-group alignfull has-background-secondary-background-color has-background is-layout-constrained wp-block-group-is-layout-constrained\" style=\"padding-top:0;padding-right:30px;padding-bottom:0;padding-left:30px\">\n<div class=\"wp-block-columns alignwide are-vertically-aligned-center is-layout-flex wp-container-4 wp-block-columns-is-layout-flex\" style=\"margin-top:0;margin-bottom:0;padding-top:0;padding-right:0;padding-bottom:0;padding-left:0\">\n<div class=\"wp-block-column is-vertically-aligned-center is-layout-flow wp-block-column-is-layout-flow\">\n<div class=\"wp-block-group alignwide is-layout-flow wp-container-1 wp-block-group-is-layout-flow\" style=\"padding-top:55px;padding-right:0px;padding-bottom:55px;padding-left:0px\">\n<p class=\"has-primary-color has-background-background-color has-text-color has-background has-poppins-font-family has-big-font-size\" style=\"font-style:normal;font-weight:800;line-height:1.4\">\u00c4ngste machen Euch klein.<br>Aber die Liebe Eures Herzens macht Euch bedingungslos gro\u00df!<\/p>\n\n\n\n<p class=\"has-text-align-center has-secondary-color has-background-background-color has-text-color has-background has-poppins-font-family has-normal-font-size\" style=\"font-style:normal;font-weight:600;line-height:1.4\">Erich Fried<\/p>\n<\/div>\n<\/div>\n\n\n\n<div class=\"wp-block-column is-vertically-aligned-center is-layout-flow wp-block-column-is-layout-flow\" style=\"flex-basis:40%\">\n<figure class=\"wp-block-image size-large\"><img decoding=\"async\" loading=\"lazy\" width=\"1024\" height=\"898\" src=\"https:\/\/engel-koenig.de\/wp-content\/uploads\/2023\/10\/Wolken-03-1024x898.jpg\" alt=\"\" class=\"wp-image-210\" srcset=\"https:\/\/engel-koenig.de\/wp-content\/uploads\/2023\/10\/Wolken-03-1024x898.jpg 1024w, https:\/\/engel-koenig.de\/wp-content\/uploads\/2023\/10\/Wolken-03-300x263.jpg 300w, https:\/\/engel-koenig.de\/wp-content\/uploads\/2023\/10\/Wolken-03-768x673.jpg 768w, https:\/\/engel-koenig.de\/wp-content\/uploads\/2023\/10\/Wolken-03-1536x1347.jpg 1536w, https:\/\/engel-koenig.de\/wp-content\/uploads\/2023\/10\/Wolken-03-2048x1795.jpg 2048w\" sizes=\"(max-width: 1024px) 100vw, 1024px\" \/><\/figure>\n<\/div>\n<\/div>\n<\/div>\n\n\n\n<div style=\"height:100px\" aria-hidden=\"true\" class=\"wp-block-spacer\"><\/div>\n\n\n\n<h1 class=\"wp-block-heading has-text-align-center\">Meine Angebote<\/h1>\n\n\n\n<h3 class=\"wp-block-heading has-text-align-center\">Vor Ort pers\u00f6nlich, telefonisch oder online<\/h3>\n\n\n\n<div style=\"height:50px\" aria-hidden=\"true\" class=\"wp-block-spacer\"><\/div>\n\n\n\n<div class=\"wp-block-buttons is-layout-flex wp-block-buttons-is-layout-flex\">\n<div class=\"wp-block-button has-custom-width wp-block-button__width-100 is-style-outline\"><a class=\"wp-block-button__link has-body-text-color has-primary-background-color has-text-color has-background wp-element-button\" href=\"https:\/\/engel-koenig.de\/?page_id=17\" style=\"border-style:none;border-width:0px;border-radius:0px\" target=\"_blank\" rel=\"noreferrer noopener\">Einzelsitzung \u2013 Beratung mit Hilfe der Geistigen Welt<\/a><\/div>\n\n\n\n<div class=\"wp-block-button has-custom-width wp-block-button__width-100 is-style-outline\"><a class=\"wp-block-button__link has-body-text-color has-primary-background-color has-text-color has-background wp-element-button\" href=\"https:\/\/engel-koenig.de\/?page_id=19\" style=\"border-style:none;border-width:0px;border-radius:0px\" target=\"_blank\" rel=\"noreferrer noopener\">Coaching \u2013 Intensives Coaching mit gef\u00fchrten Meditationen<\/a><\/div>\n\n\n\n<div class=\"wp-block-button has-custom-width wp-block-button__width-100 is-style-outline\"><a class=\"wp-block-button__link has-body-text-color has-primary-background-color has-text-color has-background wp-element-button\" href=\"https:\/\/engel-koenig.de\/?page_id=21\" style=\"border-style:none;border-width:0px;border-radius:0px\" target=\"_blank\" rel=\"noreferrer noopener\">Beratung mit Hilfe der Methode des Thetareading (nach Franziska Winkler)<\/a><\/div>\n\n\n\n<div class=\"wp-block-button has-custom-width wp-block-button__width-100 is-style-outline\"><a class=\"wp-block-button__link has-body-text-color has-primary-background-color has-text-color has-background wp-element-button\" href=\"https:\/\/engel-koenig.de\/?page_id=23\" style=\"border-style:none;border-width:0px;border-radius:0px\" target=\"_blank\" rel=\"noreferrer noopener\">Seminare \u2013 Potenzialerweiterung in gef\u00fchrten Meditationen<\/a><\/div>\n\n\n\n<div class=\"wp-block-button has-custom-width wp-block-button__width-100 is-style-outline\"><a class=\"wp-block-button__link has-body-text-color has-primary-background-color has-text-color has-background wp-element-button\" href=\"https:\/\/engel-koenig.de\/?page_id=25\" style=\"border-style:none;border-width:0px;border-radius:0px\" target=\"_blank\" rel=\"noreferrer noopener\">Ausbildungen \u2013 Lerne eigenst\u00e4ndig mit der Geistigen Welt zu arbeiten<\/a><\/div>\n<\/div>\n","protected":false},"excerpt":{"rendered":"<p>\u00c4ngste machen Euch klein.Aber die Liebe Eures Herzens macht Euch bedingungslos gro\u00df! Erich Fried Meine Angebote Vor Ort pers\u00f6nlich, telefonisch oder online<\/p>\n","protected":false},"author":1,"featured_media":0,"parent":0,"menu_order":0,"comment_status":"closed","ping_status":"closed","template":"","meta":{"footnotes":""},"_links":{"self":[{"href":"https:\/\/engel-koenig.de\/index.php?rest_route=\/wp\/v2\/pages\/11"}],"collection":[{"href":"https:\/\/engel-koenig.de\/index.php?rest_route=\/wp\/v2\/pages"}],"about":[{"href":"https:\/\/engel-koenig.de\/index.php?rest_route=\/wp\/v2\/types\/page"}],"author":[{"embeddable":true,"href":"https:\/\/engel-koenig.de\/index.php?rest_route=\/wp\/v2\/users\/1"}],"replies":[{"embeddable":true,"href":"https:\/\/engel-koenig.de\/index.php?rest_route=%2Fwp%2Fv2%2Fcomments&post=11"}],"version-history":[{"count":23,"href":"https:\/\/engel-koenig.de\/index.php?rest_route=\/wp\/v2\/pages\/11\/revisions"}],"predecessor-version":[{"id":369,"href":"https:\/\/engel-koenig.de\/index.php?rest_route=\/wp\/v2\/pages\/11\/revisions\/369"}],"wp:attachment":[{"href":"https:\/\/engel-koenig.de\/index.php?rest_route=%2Fwp%2Fv2%2Fmedia&parent=11"}],"curies":[{"name":"wp","href":"https:\/\/api.w.org\/{rel}","templated":true}]}}